 number?
True
Is 19501 a prime number?
True
Is 83023 prime?
True
Is 70271 a prime number?
True
Is 777971 a prime number?
False
Is 1297 a composite number?
False
Is 44333 composite?
True
Is 10589 prime?
True
Is 2220151 composite?
False
Is 109673 composite?
False
Is 4861 prime?
True
Is 937 prime?
True
Is 391277 a composite number?
True
Is 161441 composite?
True
Is 13519 a prime number?
False
Is 1516331 composite?
False
Is 214151 a composite number?
True
Is 37351 prime?
False
Is 9791 composite?
False
Is 114143 prime?
True
Is 102743 a prime number?
False
Is 317989 composite?
True
Is 33307 composite?
True
Is 5219 prime?
False
Is 192091 a prime number?
True
Is 77069 a prime number?
True
Is 3317 a prime number?
False
Is 9403 composite?
False
Is 12227 composite?
False
Is 3269987 a composite number?
True
Is 27257 a composite number?
True
Is 168127 a prime number?
True
Is 147053 prime?
False
Is 22163 a composite number?
True
Is 381469 a prime number?
False
Is 12349 a composite number?
True
Is 301 a prime number?
False
Is 74179 prime?
False
Is 11777 a composite number?
False
Is 335591 a prime number?
True
Is 16253 composite?
False
Is 1139 prime?
False
Is 14073 a prime number?
False
Is 80299 a prime number?
False
Is 5569 prime?
True
Is 82891 prime?
True
Is 1020233 a prime number?
True
Is 3019 prime?
True
Is 10183 composite?
True
Is 5773 a composite number?
True
Is 641 composite?
False
Is 374342 a prime number?
False
Is 16162 composite?
True
Is 120503 prime?
True
Is 160759 composite?
True
Is 2703562 prime?
False
Is 56993 composite?
False
Is 7093 a composite number?
True
Is 2366297 composite?
False
Is 3979 a prime number?
False
Is 712631 composite?
False
Is 68077 a prime number?
False
Is 50326 composite?
True
Is 450571 a prime number?
False
Is 1797 a composite number?
True
Is 1743919 prime?
True
Is 33049 a prime number?
True
Is 31307 a composite number?
False
Is 975217 a composite number?
False
Is 5381 composite?
False
Is 142169 prime?
True
Is 8161 a composite number?
False
Is 133559 composite?
False
Is 216799 a prime number?
False
Is 233503 composite?
True
Is 372107 composite?
False
Is 44123 a prime number?
True
Is 5989 a composite number?
True
Is 38953 prime?
True
Is 8057 a composite number?
True
Is 2143571 composite?
False
Is 1655 prime?
False
Is 20921 a prime number?
True
Is 14699 prime?
True
Is 4817 prime?
True
Is 293 prime?
True
Is 10007 composite?
False
Is 1727 composite?
True
Is 119247 prime?
False
Is 350657 composite?
False
Is 38891 a composite number?
False
Is 27926 composite?
True
Is 2017 prime?
True
Is 402193 composite?
True
Is 189749 composite?
True
Is 6011 prime?
True
Is 274 composite?
True
Is 5897 composite?
False
Is 4971485 prime?
False
Is 1699959 a composite number?
True
Is 4621 composite?
False
Is 129427 prime?
False
Is 29398 a prime number?
False
Is 11579 a composite number?
False
Is 424059 a prime number?
False
Is 19451 composite?
True
Is 5127 a composite number?
True
Is 29839 prime?
False
Is 25507 a composite number?
True
Is 520913 composite?
False
Is 657703 composite?
False
Is 2459 composite?
False
Is 27319 prime?
False
Is 10559 composite?
False
Is 1203 a composite number?
True
Is 193993 a prime number?
True
Is 6563 composite?
False
Is 34107 prime?
False
Is 37627 prime?
False
Is 96839 composite?
True
Is 17349 composite?
True
Is 2868899 composite?
True
Is 1553249 a prime number?
True
Is 467 a composite number?
False
Is 68597 a prime number?
True
Is 938867 a prime number?
False
Is 1842989 a prime number?
True
Is 273929 composite?
False
Is 197429 a prime number?
False
Is 16439 a composite number?
True
Is 251077 a composite number?
True
Is 22529 composite?
True
Is 1034489 composite?
False
Is 246579 prime?
False
Is 119078 prime?
False
Is 100337 a prime number?
False
Is 167413 prime?
True
Is 954487 prime?
False
Is 89 composite?
False
Is 258527 prime?
True
Is 58119 composite?
True
Is 6883 composite?
False
Is 229139 composite?
False
Is 267259 a prime number?
True
Is 1361 a prime number?
True
Is 2735 a composite number?
True
Is 23159 a prime number?
True
Is 544601 a prime number?
True
Is 377459 a composite number?
False
Is 3913369 composite?
False
Is 1036613 composite?
False
Is 2104229 a composite number?
False
Is 230591 a composite number?
True
Is 482533 prime?
False
Is 333571 composite?
True
Is 16519 a prime number?
True
Is 83981 a prime number?
False
Is 58309 composite?
False
Is 203173 a prime number?
True
Is 4958399 a composite number?
False
Is 466367 composite?
True
Is 419 a prime number?
True
Is 25689 prime?
False
Is 12527 prime?
True
Is 173807 prime?
True
Is 34269 a prime number?
False
Is 26191 prime?
False
Is 77191 composite?
False
Is 1039 prime?
True
Is 2285 a prime number?
False
Is 29629 prime?
True
Is 46289 a prime number?
False
Is 206171 a composite number?
True
Is 73951 a prime number?
True
Is 243103 prime?
False
Is 47339 a composite number?
False
Is 124129 prime?
False
Is 17681 composite?
False
Is 7283 composite?
False
Is 1089511 a composite number?
True
Is 838802 a composite number?
True
Is 5178403 composite?
False
Is 85109 a composite number?
False
Is 106103 a prime number?
True
Is 12571 a prime number?
False
Is 207587 a prime number?
False
Is 89437 prime?
False
Is 510299 a composite number?
False
Is 731093 a prime number?
False
Is 1397057 a composite number?
False
Is 10007 a composite number?
False
Is 38063 a prime number?
False
Is 117127 a prime number?
True
Is 4367 prime?
False
Is 1197509 composite?
False
Is 8663 prime?
True
Is 150151 a prime number?
True
Is 151121 a composite number?
False
Is 17021 a composite number?
False
Is 8057 prime?
False
Is 8663 prime?
True
Is 1267457 prime?
False
Is 144331 a prime number?
False
Is 200461 composite?
False
Is 10911 prime?
False
Is 45857 composite?
True
Is 173903 composite?
True
Is 77641 a composite number?
False
Is 96323 composite?
False
Is 125707 prime?
True
Is 2003 a composite number?
False
Is 37027 a composite number?
True
Is 40159 prime?
False
Is 173279 prime?
False
Is 21269 a prime number?
True
Is 288809 composite?
True
Is 9803 composite?
False
Is 2984701 prime?
True
Is 936043 prime?
False
Is 13081 a prime number?
False
Is 12743 composite?
False
Is 292291 a composite number?
True
Is 98317 a composite number?
False
Is 28901 a composite number?
False
Is 51767 composite?
False
Is 167278 a prime number?
False
Is 14489 a prime number?
True
Is 10169 prime?
True
Is 45905 composite?
True
Is 9665 a composite number?
True
Is 1212769 prime?
True
Is 6067 composite?
False
Is 7103 a prime number?
True
Is 15493 a prime number?
True
Is 27731 a prime number?
False
Is 2333 a composite number?
False
Is 262261 a prime number?
True
Is 17723 composite?
True
Is 677639 prime?
True
Is 106039 a prime number?
False
Is 1098145 a composite number?
True
Is 771583 prime?
True
Is 7057 prime?
True
Is 1112017 composite?
False
Is 38903 a prime number?
True
Is 32051 composite?
False
Is 9743 composite?
False
Is 395509 composite?
False
Is 364979 a composite number?
False
Is 120103 composite?
False
Is 41273 prime?
False
Is 13453 composite?
True
Is 14941 a prime number?
False
Is 9521 a prime number?
True
Is 3151 composite?
True
Is 15779 a prime number?
False
Is 293317 a prime number?
False
Is 11995 composite?
True
Is 5381 a prime number?
True
Is 117235 a composite number?
True
Is 117097 a composite number?
True
Is 708146 a composite number?
True
Is 740189 a composite number?
False
Is 29411 a prime number?
True
Is 71741 a prime number?
True
Is 38371 a composite number?
False
Is 7717 a composite number?
False
Is 4091 a composite number?
False
Is 1051451 a composite number?
True
Is 16877 composite?
True
Is 72679 a prime number?
True
Is 2222123 composite?
False
Is 77057 a composite number?
True
Is 120567 a prime number?
False
Is 9673 a prime number?
False
Is 457465 a prime number?
False
Is 11027 prime?
True
Is 112843 composite?
False
Is 92611 prime?
False
Is 260921 a prime number?
True
Is 32603 a prime number?
True
Is 1361 composite?
False
Is 24487 a prime number?
False
Is 169361 prime?
True
Is 482039 a prime number?
True
Is 1314833 composite?
True
Is 5834 a composite number?
True
Is 156269 composite?
False
Is 6839 prime?
False
Is 363119 prime?
True
Is 83039 prime?
False
Is 105218 a composite number?
True
Is 1577129 a 